1
Let q(b) = b**3 - b**2 + 2*b - 5. List the prime factors of q(4).
3, 17
Suppose 0*c = c - 7. Let v = c + -4. Let p = 9 - v. What are the prime factors of p?
2, 3
Let f(i) = -i**2 - 9*i + 26. Let h be f(-11). Suppose -p + l + 8 = -0*p, h*l + 12 = 2*p. List the prime factors of p.
2, 5
Suppose 5*g = -u + 199 + 28, 3*u + g - 639 = 0. What are the prime factors of u?
2, 53
Suppose 0 = -2*b + 6, 7*k - 2*k - 865 = 5*b. What are the prime factors of k?
2, 11
Let w be (-3 + (-10)/(-4))*-2. List the prime factors of -1*(3/w + -26).
23
Let t(s) = -12*s - 19. What are the prime factors of t(-4)?
29
List the prime factors of (4 - 1) + (3 - 5) + 117.
2, 59
Suppose -3*u = -0*u - 57. What are the prime factors of u?
19
Let a = 4 + -2. Let p = a + -2. Suppose 8 = -p*z + z + 4*j, -2*z - j = -23. What are the prime factors of z?
2, 3
Suppose -z + 33 = 2*t, -7*z = -3*z - 5*t - 93. List the prime factors of z.
3
Suppose -2*h = h - 36. Let w(a) = a + 15. Let y be w(-13). Suppose h = 4*s - y*s. What are the prime factors of s?
2, 3
Let k(n) = -n**2 + 9*n + 4. Let y be k(8). Let m = 20 - y. List the prime factors of m.
2
Let d = -209 - -91. List the prime factors of d/(-4) + 3/6.
2, 3, 5
Suppose 4*u - u - 36 = -x, -2*x - u = -62. List the prime factors of x.
2, 3, 5
Suppose a = -5*v - 23, -4*v - 3*a = -5*v - 11. Let d(p) = -p**3 + 7*p**2 - 5*p + 1. Let u be d(6). Let s = u + v. What are the prime factors of s?
2
What are the prime factors of (4 + -5)/(-3 + (-496)/(-166))?
83
Let i = 6 + -4. What are the prime factors of 24/30*40/i?
2
Let j(b) = 3*b**3 - 3*b**2 - b + 2. Let s = -4 + 7. Let x = s - 1. List the prime factors of j(x).
2, 3
List the prime factors of -70*(12/8 - 2).
5, 7
Let d be (-12)/24 - 125/2. Let o = -40 - d. What are the prime factors of o?
23
Let z(c) = 7*c**2 + 2*c - 20. What are the prime factors of z(6)?
2, 61
Let l(b) = 0 - 1 - 3 - 6*b. What are the prime factors of l(-4)?
2, 5
Suppose 0 = 4*m - 3*c - 31, 5*m + 6*c - 4*c = 33. List the prime factors of m.
7
Let b = -10 - -4. Let a = 25 + b. What are the prime factors of a?
19
Let n(k) = 8*k - 12. What are the prime factors of n(4)?
2, 5
Let p(j) = -j**2 - j - 5. Let y be p(5). Let q be (-28)/6*105/(-10). Let u = y + q. List the prime factors of u.
2, 7
Suppose 4*g - 3*g + 4 = 0. Let l = g + -8. Let v = 24 + l. List the prime factors of v.
2, 3
Let y = 167 - 78. List the prime factors of y.
89
Suppose 14*o - 704 = 6*o. List the prime factors of o.
2, 11
Suppose -6*u = -5*u - 86. List the prime factors of u.
2, 43
Let y = 8 + -8. Suppose y = -2*h + 5*o + 82, 177 = 5*h + o - 28. What are the prime factors of h?
41
Suppose 0 = 3*n - 5*n + 80. List the prime factors of n.
2, 5
Suppose 24*n - 25*n = -53. What are the prime factors of n?
53
Suppose -3*z + 75 = -3*q, 5*z - 71 = 3*q - 0*q. List the prime factors of q/2*2/(-3).
3
Suppose 0 = -x - 2, -5*o - 2*x + 58 = -393. What are the prime factors of o?
7, 13
Let p(c) = 7*c - 1. Let t(q) = q**2 - 6*q - 5. Let o be t(7). List the prime factors of p(o).
13
List the prime factors of (678/12)/((-9)/(-6) - 1).
113
Let l be (-2)/(-5)*(-13 - -3). Let n = -1 - l. What are the prime factors of n?
3
Let f(w) = w**3 + 5*w**2 + 2*w - 5. Let i be f(-4). What are the prime factors of (-88)/(-4) - i/1?
19
Let w be -57*-2*2/4. Suppose 0 = 2*p - 5*p + w. What are the prime factors of p?
19
Suppose -2*s = j + 17, -j - 3 = 2*j. What are the prime factors of (-9)/6*s/6?
2
Let r(o) be the third derivative of o**7/2520 - o**6/360 - o**5/60 + o**2. Let w(z) be the third derivative of r(z). List the prime factors of w(5).
2
Suppose -2*s + 4*s + 2*b = 560, b + 5 = 0. What are the prime factors of s?
3, 5, 19
Let b = -3 + 8. Suppose x - 4 = b*x + 4*r, -3*r - 6 = 2*x. Suppose -x*i + 4*i = 16. What are the prime factors of i?
2
Suppose 2*l + 7 = u + 3*l, -u = -l + 3. Suppose 1 = u*p - 3. What are the prime factors of p?
2
Suppose 3*j = -j + 16. Suppose -3*o + 21 = -0*p + p, -32 = -2*p - j*o. Suppose p*q - 12 = 2*q. What are the prime factors of q?
3
Let b = 19 - -12. What are the prime factors of b?
31
Suppose -u + 0*t = 3*t + 10, 3*t + 7 = 2*u. Let w(h) = 4*h**3 + 2*h**2 + h. Let v be w(u). List the prime factors of (3/(-9))/(v/27).
3
Suppose -38 = -2*r - n + 173, 5*n = -3*r + 327. List the prime factors of r.
2, 13
Let n(m) = 4*m**3 - 4*m**2 + 3*m - 1. List the prime factors of n(2).
3, 7
Let i(h) = -h**2 - 11*h - 8. Suppose 4*c - 52 = c + 2*l, -l = 5*c - 104. Let x be 3/((18/c)/(-3)). List the prime factors of i(x).
2
Suppose 0 = -2*o + 5*o - 69. List the prime factors of o.
23
Let k(x) = x**3 - x**2 + x + 24. Let w be k(0). Let n be 0/(1/(3 + -2)). Suppose n = 5*f, f = 4*z - f - w. List the prime factors of z.
2, 3
Suppose -x = -4*x + 30. Suppose -4*m - x = m. Let j(n) = n**2 + 2*n + 2. What are the prime factors of j(m)?
2
Suppose 34 = 3*d - 20. List the prime factors of d.
2, 3
Suppose -s - 3*s = -32. What are the prime factors of s?
2
Suppose 3*y - 12 = 0, 2*y - 1 = l + 3. Suppose o + 5*w + 63 = 2*o, 0 = -2*w - 4. Suppose 3*m = -3*n + 4*n + o, -l*n - 76 = -4*m. List the prime factors of m.
17
Let i be (-2)/(-6) + 16/(-12). Let n(x) = -13*x**3 + 2*x**2 + 2*x + 1. What are the prime factors of n(i)?
2, 7
Let q be 6/(-2 - (-5 - -1)). Suppose 3*g = -2*j + q*j + 4, 0 = -4*j - g + 36. What are the prime factors of j?
2
Let j = -11 - -16. Suppose -4*i = -0 - 28. Suppose 4*a = j + i. What are the prime factors of a?
3
Let x(c) = 2*c**2 + 7*c - 2. Suppose -3*p - 35 = -2*z - 3*z, -13 = 5*p + 3*z. What are the prime factors of x(p)?
13
Suppose -3*l + 3 = -2*b - 6, 2*b - 12 = -4*l. Suppose 5*y - l*y = 42. What are the prime factors of y?
3, 7
Suppose -2*t + 4*l + 112 = 0, 5*t + 4*l - 414 = -106. Let b = t - -1. List the prime factors of b.
61
Let k = -4 + 3. Let o = k + 5. Suppose 0 = o*r - r - y - 14, 4*y - 4 = -3*r. List the prime factors of r.
2
Suppose -1 = -7*w + 8*w. Let l(k) = -15*k**3 + k**2 - k - 1. What are the prime factors of l(w)?
2
Let r = 145 - 80. What are the prime factors of r?
5, 13
Suppose -3*z + 67 = -2. Let o = 22 - 8. Let c = z - o. List the prime factors of c.
3
Let h be 1*(2 + -1) + 5. Suppose -2*u = -h*u. Suppose p - 12 = -q, u*q - q = -5*p. What are the prime factors of q?
2, 5
Let h be -1*6*(-7)/21. Suppose -h*v - 2*i = -17 - 75, 3*v - 3*i = 126. List the prime factors of v.
2, 11
Suppose -4*f = -70 - 2. Let c = f - -3. Let d = -15 + c. List the prime factors of d.
2, 3
Let h be 1/(-1)*(5 + -5). Suppose 4*q + 86 = 2*x, 3*q - q + 6 = h. Suppose -3*v + c + x = 0, 0 = 2*v - c - 22 - 1. List the prime factors of v.
2, 7
Let g(j) = 50*j + 2. List the prime factors of g(1).
2, 13
Let b = 121 + -30. What are the prime factors of b?
7, 13
Suppose -4*m = -0*m - 2*t - 16, -m + 3*t + 14 = 0. Let v(h) = 3*h**3 - 2*h**2 + h + 1. List the prime factors of v(m).
19
Let m(r) = -r**3 - 8*r**2 - 7*r + 2. Let w be m(-7). Suppose v = w*y + 28, 4*y - 8*y - 30 = -v. List the prime factors of v.
2, 13
Suppose -3*c + 854 = 5*y - c, 2*y - 3*c = 353. Let q be y/8 - 2/4. Suppose -9 = 2*j - 5*p, -6*j + q = -2*j + 3*p. List the prime factors of j.
3
Suppose -5*i + 109 = -666. What are the prime factors of i?
5, 31
Let s(t) = t**3 + 3*t**2 - 5*t - 4. Let w be s(-4). List the prime factors of (0 - 13)/(-1 - w).
13
Let g = 0 + 3. Suppose -o = -g*o + 4. Suppose -2*j + o = -2. What are the prime factors of j?
2
Let z(n) = -n + 3. Let o be z(-7). Suppose 0 - o = -r. What are the prime factors of r?
2, 5
Suppose -2*s = -602 - 28. What are the prime factors of s?
3, 5, 7
Let h(m) = -1 + 3 + 0 - 10*m**2 - m**3. What are the prime factors of h(-10)?
2
Suppose p + p - 10 = 0. Let d be -2 + -2*2/(-4). Let k = d + p. What are the prime factors of k?
2
Let h(q) = -q**2 - 12*q - 9. What are the prime factors of h(-8)?
23
Let x(f) = -37*f. Let y be x(-1). Suppose -5*b - 2*z = -y, -16 = 2*z + 2*z. Suppose 3*u = 9 + b. List the prime factors of u.
2, 3
Suppose -c = 1 - 3. Suppose -c*u = 3*u - 25. List the prime factors of u.
5
Suppose 0 = 3*g + 5 + 7. Let r(k) = 3*k**2 + 2*k + 3. List the prime factors of r(g).
43
Suppose -r + 0*x + 314 = x, 2*x = -r + 314. What are the prime factors of r?
2, 157
Let w(q) = q**2 - 16*q + 22. Let o = -14 + 30. List the prime factors of w(o).
2, 11
Suppose -c = -5*